{"id":143,"date":"2020-03-10T14:50:10","date_gmt":"2020-03-10T13:50:10","guid":{"rendered":"https:\/\/www.etoilesportivemontoise.fr\/batidadobrasil\/?page_id=143"},"modified":"2020-03-10T14:50:10","modified_gmt":"2020-03-10T13:50:10","slug":"cours","status":"publish","type":"page","link":"https:\/\/www.etoilesportivemontoise.fr\/batidadobrasil\/cours-de-danses-bresiliennes\/cours\/","title":{"rendered":"Cours"},"content":{"rendered":"<section class=\"wpb-content-wrapper\">[vc_row row_type=\u00a0\u00bbrow\u00a0\u00bb text_align=\u00a0\u00bbleft\u00a0\u00bb css_animation=\u00a0\u00bb\u00a0\u00bb][vc_column][vc_column_text]\n<h3>COURS DE SAMBA NO P\u00c9 TOUS LES VENDREDI 20H &#8211; 21H30<\/h3>\n[\/vc_column_text][vc_empty_space height=\u00a0\u00bb25px\u00a0\u00bb][vc_column_text]<img loading=\"lazy\" decoding=\"async\" class=\"size-medium wp-image-78 alignleft\" src=\"https:\/\/www.etoilesportivemontoise.fr\/content\/uploads\/sites\/9\/2020\/02\/Maty-200x300.jpg\" alt=\"\" width=\"200\" height=\"300\" srcset=\"https:\/\/www.etoilesportivemontoise.fr\/content\/uploads\/sites\/9\/2020\/02\/Maty-200x300.jpg 200w, https:\/\/www.etoilesportivemontoise.fr\/content\/uploads\/sites\/9\/2020\/02\/Maty-768x1152.jpg 768w, https:\/\/www.etoilesportivemontoise.fr\/content\/uploads\/sites\/9\/2020\/02\/Maty-683x1024.jpg 683w\" sizes=\"auto, (max-width: 200px) 100vw, 200px\" \/>Mathilde r\u00eave depuis toute petite de plumes et de paillettes et \u00e0 14 ans elle int\u00e8gre les Cumbancheros en tant que danseuse. Elle \u00e9voluera dans la bandas en \u00e9tant responsable des danseuses et en assurant les r\u00e9p\u00e9titions avant les diff\u00e9rentes prestations. Dans le m\u00eame temps, elle suit des cours dans l\u2019association br\u00e9silienne Macuna\u00efma \u00e0 Bordeaux, o\u00f9 elle enseigne aujourd\u2019hui et avec laquelle elle organise r\u00e9guli\u00e8rement des shows et des stages. C&rsquo;est \u00e9galement \u00e0 Bordeaux et \u00e0 Toulouse qu&rsquo;elle aura l&rsquo;opportunit\u00e9 de suivre r\u00e9guli\u00e8rement des stages aupr\u00e8s de chor\u00e9graphes et danseurs br\u00e9siliens de renomm\u00e9e: Alex Coutinho et Jorge Amarelloh de l\u2019\u00e9cole de samba Paraiso do Tiuti, Sabrina Ginga de Salgueiro, Dionisio Anderson de Mangueira et Bellinha Delfim sacr\u00e9e meilleure passista du carnaval de Rio 2019.<\/p>\n<p>En 2017 elle r\u00e9alise enfin son r\u00eave de participer au carnaval de Rio o\u00f9 elle d\u00e9file avec l\u2019\u00e9cole de samba Uni\u00e3o da Ilha do Governador.<\/p>\n<p>Tr\u00e8s impliqu\u00e9e dans la promotion de sa culture de coeur, elle participe activement \u00e0 l\u2019organisation du festival Moun do Brasil \u00e0 Mont-de-Marsan.[\/vc_column_text][\/vc_column][vc_column][\/vc_column][vc_column][\/vc_column][\/vc_row][vc_row row_type=\u00a0\u00bbrow\u00a0\u00bb text_align=\u00a0\u00bbleft\u00a0\u00bb css_animation=\u00a0\u00bb\u00a0\u00bb][vc_column][\/vc_column][\/vc_row]\n<\/section>","protected":false},"excerpt":{"rendered":"<p>[vc_row row_type=\u00a0\u00bbrow\u00a0\u00bb text_align=\u00a0\u00bbleft\u00a0\u00bb css_animation=\u00a0\u00bb\u00a0\u00bb][vc_column][vc_column_text] COURS DE SAMBA NO P\u00c9 TOUS LES VENDREDI 20H &#8211; 21H30 [\/vc_column_text][vc_empty_space height=\u00a0\u00bb25px\u00a0\u00bb][vc_column_text]Mathilde r\u00eave depuis toute petite de plumes et de paillettes et \u00e0 14 ans elle int\u00e8gre les Cumbancheros en tant que danseuse. Elle \u00e9voluera dans la bandas en \u00e9tant&#8230;<\/p>\n","protected":false},"author":37,"featured_media":0,"parent":48,"menu_order":1,"comment_status":"closed","ping_status":"closed","template":"","meta":{"footnotes":""},"class_list":["post-143","page","type-page","status-publish","hentry"],"yoast_head":"<!-- This site is optimized with the Yoast SEO plugin v27.3 - https:\/\/yoast.com\/product\/yoast-seo-wordpress\/ -->\n<title>Cours - ESM Batida do Brasil<\/title>\n<meta name=\"robots\" content=\"index, follow, max-snippet:-1, max-image-preview:large, max-video-preview:-1\" \/>\n<link rel=\"canonical\" href=\"https:\/\/www.etoilesportivemontoise.fr\/batidadobrasil\/cours-de-danses-bresiliennes\/cours\/\" \/>\n<meta property=\"og:locale\" content=\"fr_FR\" \/>\n<meta property=\"og:type\" content=\"article\" \/>\n<meta property=\"og:title\" content=\"Cours - ESM Batida do Brasil\" \/>\n<meta property=\"og:description\" content=\"[vc_row row_type=\u00a0\u00bbrow\u00a0\u00bb text_align=\u00a0\u00bbleft\u00a0\u00bb css_animation=\u00a0\u00bb\u00a0\u00bb][vc_column][vc_column_text] COURS DE SAMBA NO P\u00c9 TOUS LES VENDREDI 20H &#8211; 21H30 [\/vc_column_text][vc_empty_space height=\u00a0\u00bb25px\u00a0\u00bb][vc_column_text]Mathilde r\u00eave depuis toute petite de plumes et de paillettes et \u00e0 14 ans elle int\u00e8gre les Cumbancheros en tant que danseuse. Elle \u00e9voluera dans la bandas en \u00e9tant...\" \/>\n<meta property=\"og:url\" content=\"https:\/\/www.etoilesportivemontoise.fr\/batidadobrasil\/cours-de-danses-bresiliennes\/cours\/\" \/>\n<meta property=\"og:site_name\" content=\"ESM Batida do Brasil\" \/>\n<meta property=\"og:image\" content=\"https:\/\/www.etoilesportivemontoise.fr\/content\/uploads\/sites\/9\/2020\/02\/Maty-200x300.jpg\" \/>\n<meta name=\"twitter:card\" content=\"summary_large_image\" \/>\n<meta name=\"twitter:label1\" content=\"Dur\u00e9e de lecture estim\u00e9e\" \/>\n\t<meta name=\"twitter:data1\" content=\"1 minute\" \/>\n<script type=\"application\/ld+json\" class=\"yoast-schema-graph\">{\"@context\":\"https:\\\/\\\/schema.org\",\"@graph\":[{\"@type\":\"WebPage\",\"@id\":\"https:\\\/\\\/www.etoilesportivemontoise.fr\\\/batidadobrasil\\\/cours-de-danses-bresiliennes\\\/cours\\\/\",\"url\":\"https:\\\/\\\/www.etoilesportivemontoise.fr\\\/batidadobrasil\\\/cours-de-danses-bresiliennes\\\/cours\\\/\",\"name\":\"Cours - ESM Batida do Brasil\",\"isPartOf\":{\"@id\":\"https:\\\/\\\/www.etoilesportivemontoise.fr\\\/batidadobrasil\\\/#website\"},\"primaryImageOfPage\":{\"@id\":\"https:\\\/\\\/www.etoilesportivemontoise.fr\\\/batidadobrasil\\\/cours-de-danses-bresiliennes\\\/cours\\\/#primaryimage\"},\"image\":{\"@id\":\"https:\\\/\\\/www.etoilesportivemontoise.fr\\\/batidadobrasil\\\/cours-de-danses-bresiliennes\\\/cours\\\/#primaryimage\"},\"thumbnailUrl\":\"https:\\\/\\\/www.etoilesportivemontoise.fr\\\/content\\\/uploads\\\/sites\\\/9\\\/2020\\\/02\\\/Maty-200x300.jpg\",\"datePublished\":\"2020-03-10T13:50:10+00:00\",\"breadcrumb\":{\"@id\":\"https:\\\/\\\/www.etoilesportivemontoise.fr\\\/batidadobrasil\\\/cours-de-danses-bresiliennes\\\/cours\\\/#breadcrumb\"},\"inLanguage\":\"fr-FR\",\"potentialAction\":[{\"@type\":\"ReadAction\",\"target\":[\"https:\\\/\\\/www.etoilesportivemontoise.fr\\\/batidadobrasil\\\/cours-de-danses-bresiliennes\\\/cours\\\/\"]}]},{\"@type\":\"ImageObject\",\"inLanguage\":\"fr-FR\",\"@id\":\"https:\\\/\\\/www.etoilesportivemontoise.fr\\\/batidadobrasil\\\/cours-de-danses-bresiliennes\\\/cours\\\/#primaryimage\",\"url\":\"https:\\\/\\\/www.etoilesportivemontoise.fr\\\/content\\\/uploads\\\/sites\\\/9\\\/2020\\\/02\\\/Maty-200x300.jpg\",\"contentUrl\":\"https:\\\/\\\/www.etoilesportivemontoise.fr\\\/content\\\/uploads\\\/sites\\\/9\\\/2020\\\/02\\\/Maty-200x300.jpg\"},{\"@type\":\"BreadcrumbList\",\"@id\":\"https:\\\/\\\/www.etoilesportivemontoise.fr\\\/batidadobrasil\\\/cours-de-danses-bresiliennes\\\/cours\\\/#breadcrumb\",\"itemListElement\":[{\"@type\":\"ListItem\",\"position\":1,\"name\":\"Accueil\",\"item\":\"https:\\\/\\\/www.etoilesportivemontoise.fr\\\/batidadobrasil\\\/\"},{\"@type\":\"ListItem\",\"position\":2,\"name\":\"Le club\",\"item\":\"https:\\\/\\\/www.etoilesportivemontoise.fr\\\/batidadobrasil\\\/cours-de-danses-bresiliennes\\\/\"},{\"@type\":\"ListItem\",\"position\":3,\"name\":\"Cours\"}]},{\"@type\":\"WebSite\",\"@id\":\"https:\\\/\\\/www.etoilesportivemontoise.fr\\\/batidadobrasil\\\/#website\",\"url\":\"https:\\\/\\\/www.etoilesportivemontoise.fr\\\/batidadobrasil\\\/\",\"name\":\"ESM Batida do Brasil\",\"description\":\"\",\"potentialAction\":[{\"@type\":\"SearchAction\",\"target\":{\"@type\":\"EntryPoint\",\"urlTemplate\":\"https:\\\/\\\/www.etoilesportivemontoise.fr\\\/batidadobrasil\\\/?s={search_term_string}\"},\"query-input\":{\"@type\":\"PropertyValueSpecification\",\"valueRequired\":true,\"valueName\":\"search_term_string\"}}],\"inLanguage\":\"fr-FR\"}]}<\/script>\n<!-- \/ Yoast SEO plugin. -->","yoast_head_json":{"title":"Cours - ESM Batida do Brasil","robots":{"index":"index","follow":"follow","max-snippet":"max-snippet:-1","max-image-preview":"max-image-preview:large","max-video-preview":"max-video-preview:-1"},"canonical":"https:\/\/www.etoilesportivemontoise.fr\/batidadobrasil\/cours-de-danses-bresiliennes\/cours\/","og_locale":"fr_FR","og_type":"article","og_title":"Cours - ESM Batida do Brasil","og_description":"[vc_row row_type=\u00a0\u00bbrow\u00a0\u00bb text_align=\u00a0\u00bbleft\u00a0\u00bb css_animation=\u00a0\u00bb\u00a0\u00bb][vc_column][vc_column_text] COURS DE SAMBA NO P\u00c9 TOUS LES VENDREDI 20H &#8211; 21H30 [\/vc_column_text][vc_empty_space height=\u00a0\u00bb25px\u00a0\u00bb][vc_column_text]Mathilde r\u00eave depuis toute petite de plumes et de paillettes et \u00e0 14 ans elle int\u00e8gre les Cumbancheros en tant que danseuse. Elle \u00e9voluera dans la bandas en \u00e9tant...","og_url":"https:\/\/www.etoilesportivemontoise.fr\/batidadobrasil\/cours-de-danses-bresiliennes\/cours\/","og_site_name":"ESM Batida do Brasil","og_image":[{"url":"https:\/\/www.etoilesportivemontoise.fr\/content\/uploads\/sites\/9\/2020\/02\/Maty-200x300.jpg","type":"","width":"","height":""}],"twitter_card":"summary_large_image","twitter_misc":{"Dur\u00e9e de lecture estim\u00e9e":"1 minute"},"schema":{"@context":"https:\/\/schema.org","@graph":[{"@type":"WebPage","@id":"https:\/\/www.etoilesportivemontoise.fr\/batidadobrasil\/cours-de-danses-bresiliennes\/cours\/","url":"https:\/\/www.etoilesportivemontoise.fr\/batidadobrasil\/cours-de-danses-bresiliennes\/cours\/","name":"Cours - ESM Batida do Brasil","isPartOf":{"@id":"https:\/\/www.etoilesportivemontoise.fr\/batidadobrasil\/#website"},"primaryImageOfPage":{"@id":"https:\/\/www.etoilesportivemontoise.fr\/batidadobrasil\/cours-de-danses-bresiliennes\/cours\/#primaryimage"},"image":{"@id":"https:\/\/www.etoilesportivemontoise.fr\/batidadobrasil\/cours-de-danses-bresiliennes\/cours\/#primaryimage"},"thumbnailUrl":"https:\/\/www.etoilesportivemontoise.fr\/content\/uploads\/sites\/9\/2020\/02\/Maty-200x300.jpg","datePublished":"2020-03-10T13:50:10+00:00","breadcrumb":{"@id":"https:\/\/www.etoilesportivemontoise.fr\/batidadobrasil\/cours-de-danses-bresiliennes\/cours\/#breadcrumb"},"inLanguage":"fr-FR","potentialAction":[{"@type":"ReadAction","target":["https:\/\/www.etoilesportivemontoise.fr\/batidadobrasil\/cours-de-danses-bresiliennes\/cours\/"]}]},{"@type":"ImageObject","inLanguage":"fr-FR","@id":"https:\/\/www.etoilesportivemontoise.fr\/batidadobrasil\/cours-de-danses-bresiliennes\/cours\/#primaryimage","url":"https:\/\/www.etoilesportivemontoise.fr\/content\/uploads\/sites\/9\/2020\/02\/Maty-200x300.jpg","contentUrl":"https:\/\/www.etoilesportivemontoise.fr\/content\/uploads\/sites\/9\/2020\/02\/Maty-200x300.jpg"},{"@type":"BreadcrumbList","@id":"https:\/\/www.etoilesportivemontoise.fr\/batidadobrasil\/cours-de-danses-bresiliennes\/cours\/#breadcrumb","itemListElement":[{"@type":"ListItem","position":1,"name":"Accueil","item":"https:\/\/www.etoilesportivemontoise.fr\/batidadobrasil\/"},{"@type":"ListItem","position":2,"name":"Le club","item":"https:\/\/www.etoilesportivemontoise.fr\/batidadobrasil\/cours-de-danses-bresiliennes\/"},{"@type":"ListItem","position":3,"name":"Cours"}]},{"@type":"WebSite","@id":"https:\/\/www.etoilesportivemontoise.fr\/batidadobrasil\/#website","url":"https:\/\/www.etoilesportivemontoise.fr\/batidadobrasil\/","name":"ESM Batida do Brasil","description":"","potentialAction":[{"@type":"SearchAction","target":{"@type":"EntryPoint","urlTemplate":"https:\/\/www.etoilesportivemontoise.fr\/batidadobrasil\/?s={search_term_string}"},"query-input":{"@type":"PropertyValueSpecification","valueRequired":true,"valueName":"search_term_string"}}],"inLanguage":"fr-FR"}]}},"_links":{"self":[{"href":"https:\/\/www.etoilesportivemontoise.fr\/batidadobrasil\/wp-json\/wp\/v2\/pages\/143","targetHints":{"allow":["GET"]}}],"collection":[{"href":"https:\/\/www.etoilesportivemontoise.fr\/batidadobrasil\/wp-json\/wp\/v2\/pages"}],"about":[{"href":"https:\/\/www.etoilesportivemontoise.fr\/batidadobrasil\/wp-json\/wp\/v2\/types\/page"}],"author":[{"embeddable":true,"href":"https:\/\/www.etoilesportivemontoise.fr\/batidadobrasil\/wp-json\/wp\/v2\/users\/37"}],"replies":[{"embeddable":true,"href":"https:\/\/www.etoilesportivemontoise.fr\/batidadobrasil\/wp-json\/wp\/v2\/comments?post=143"}],"version-history":[{"count":6,"href":"https:\/\/www.etoilesportivemontoise.fr\/batidadobrasil\/wp-json\/wp\/v2\/pages\/143\/revisions"}],"predecessor-version":[{"id":150,"href":"https:\/\/www.etoilesportivemontoise.fr\/batidadobrasil\/wp-json\/wp\/v2\/pages\/143\/revisions\/150"}],"up":[{"embeddable":true,"href":"https:\/\/www.etoilesportivemontoise.fr\/batidadobrasil\/wp-json\/wp\/v2\/pages\/48"}],"wp:attachment":[{"href":"https:\/\/www.etoilesportivemontoise.fr\/batidadobrasil\/wp-json\/wp\/v2\/media?parent=143"}],"curies":[{"name":"wp","href":"https:\/\/api.w.org\/{rel}","templated":true}]}}

<section class="wpb-content-wrapper">[vc_row row_type= »row » text_align= »left » css_animation= » »][vc_column][vc_column_text]
<h3>COURS DE SAMBA NO PÉ TOUS LES VENDREDI 20H &#8211; 21H30</h3>
[/vc_column_text][vc_empty_space height= »25px »][vc_column_text]<img loading="lazy" decoding="async" class="size-medium wp-image-78 alignleft" src="https://www.etoilesportivemontoise.fr/content/uploads/sites/9/2020/02/Maty-200x300.jpg" alt="" width="200" height="300" srcset="https://www.etoilesportivemontoise.fr/content/uploads/sites/9/2020/02/Maty-200x300.jpg 200w, https://www.etoilesportivemontoise.fr/content/uploads/sites/9/2020/02/Maty-768x1152.jpg 768w, https://www.etoilesportivemontoise.fr/content/uploads/sites/9/2020/02/Maty-683x1024.jpg 683w" sizes="auto, (max-width: 200px) 100vw, 200px" />Mathilde rêve depuis toute petite de plumes et de paillettes et à 14 ans elle intègre les Cumbancheros en tant que danseuse. Elle évoluera dans la bandas en étant responsable des danseuses et en assurant les répétitions avant les différentes prestations. Dans le même temps, elle suit des cours dans l’association brésilienne Macunaïma à Bordeaux, où elle enseigne aujourd’hui et avec laquelle elle organise régulièrement des shows et des stages. C&rsquo;est également à Bordeaux et à Toulouse qu&rsquo;elle aura l&rsquo;opportunité de suivre régulièrement des stages auprès de chorégraphes et danseurs brésiliens de renommée: Alex Coutinho et Jorge Amarelloh de l’école de samba Paraiso do Tiuti, Sabrina Ginga de Salgueiro, Dionisio Anderson de Mangueira et Bellinha Delfim sacrée meilleure passista du carnaval de Rio 2019.</p>
<p>En 2017 elle réalise enfin son rêve de participer au carnaval de Rio où elle défile avec l’école de samba União da Ilha do Governador.</p>
<p>Très impliquée dans la promotion de sa culture de coeur, elle participe activement à l’organisation du festival Moun do Brasil à Mont-de-Marsan.[/vc_column_text][/vc_column][vc_column][/vc_column][vc_column][/vc_column][/vc_row][vc_row row_type= »row » text_align= »left » css_animation= » »][vc_column][/vc_column][/vc_row]
</section>

<p>[vc_row row_type= »row » text_align= »left » css_animation= » »][vc_column][vc_column_text] COURS DE SAMBA NO PÉ TOUS LES VENDREDI 20H &#8211; 21H30 [/vc_column_text][vc_empty_space height= »25px »][vc_column_text]Mathilde rêve depuis toute petite de plumes et de paillettes et à 14 ans elle intègre les Cumbancheros en tant que danseuse. Elle évoluera dans la bandas en étant&#8230;</p>

<!-- This site is optimized with the Yoast SEO plugin v27.3 - https://yoast.com/product/yoast-seo-wordpress/ -->
<title>Cours - ESM Batida do Brasil</title>
<meta name="robots" content="index, follow, max-snippet:-1, max-image-preview:large, max-video-preview:-1" />
<link rel="canonical" href="https://www.etoilesportivemontoise.fr/batidadobrasil/cours-de-danses-bresiliennes/cours/" />
<meta property="og:locale" content="fr_FR" />
<meta property="og:type" content="article" />
<meta property="og:title" content="Cours - ESM Batida do Brasil" />
<meta property="og:description" content="[vc_row row_type= »row » text_align= »left » css_animation= » »][vc_column][vc_column_text] COURS DE SAMBA NO PÉ TOUS LES VENDREDI 20H &#8211; 21H30 [/vc_column_text][vc_empty_space height= »25px »][vc_column_text]Mathilde rêve depuis toute petite de plumes et de paillettes et à 14 ans elle intègre les Cumbancheros en tant que danseuse. Elle évoluera dans la bandas en étant..." />
<meta property="og:url" content="https://www.etoilesportivemontoise.fr/batidadobrasil/cours-de-danses-bresiliennes/cours/" />
<meta property="og:site_name" content="ESM Batida do Brasil" />
<meta property="og:image" content="https://www.etoilesportivemontoise.fr/content/uploads/sites/9/2020/02/Maty-200x300.jpg" />
<meta name="twitter:card" content="summary_large_image" />
<meta name="twitter:label1" content="Durée de lecture estimée" />
	<meta name="twitter:data1" content="1 minute" />
<script type="application/ld+json" class="yoast-schema-graph">{"@context":"https:\/\/schema.org","@graph":[{"@type":"WebPage","@id":"https:\/\/www.etoilesportivemontoise.fr\/batidadobrasil\/cours-de-danses-bresiliennes\/cours\/","url":"https:\/\/www.etoilesportivemontoise.fr\/batidadobrasil\/cours-de-danses-bresiliennes\/cours\/","name":"Cours - ESM Batida do Brasil","isPartOf":{"@id":"https:\/\/www.etoilesportivemontoise.fr\/batidadobrasil\/#website"},"primaryImageOfPage":{"@id":"https:\/\/www.etoilesportivemontoise.fr\/batidadobrasil\/cours-de-danses-bresiliennes\/cours\/#primaryimage"},"image":{"@id":"https:\/\/www.etoilesportivemontoise.fr\/batidadobrasil\/cours-de-danses-bresiliennes\/cours\/#primaryimage"},"thumbnailUrl":"https:\/\/www.etoilesportivemontoise.fr\/content\/uploads\/sites\/9\/2020\/02\/Maty-200x300.jpg","datePublished":"2020-03-10T13:50:10+00:00","breadcrumb":{"@id":"https:\/\/www.etoilesportivemontoise.fr\/batidadobrasil\/cours-de-danses-bresiliennes\/cours\/#breadcrumb"},"inLanguage":"fr-FR","potentialAction":[{"@type":"ReadAction","target":["https:\/\/www.etoilesportivemontoise.fr\/batidadobrasil\/cours-de-danses-bresiliennes\/cours\/"]}]},{"@type":"ImageObject","inLanguage":"fr-FR","@id":"https:\/\/www.etoilesportivemontoise.fr\/batidadobrasil\/cours-de-danses-bresiliennes\/cours\/#primaryimage","url":"https:\/\/www.etoilesportivemontoise.fr\/content\/uploads\/sites\/9\/2020\/02\/Maty-200x300.jpg","contentUrl":"https:\/\/www.etoilesportivemontoise.fr\/content\/uploads\/sites\/9\/2020\/02\/Maty-200x300.jpg"},{"@type":"BreadcrumbList","@id":"https:\/\/www.etoilesportivemontoise.fr\/batidadobrasil\/cours-de-danses-bresiliennes\/cours\/#breadcrumb","itemListElement":[{"@type":"ListItem","position":1,"name":"Accueil","item":"https:\/\/www.etoilesportivemontoise.fr\/batidadobrasil\/"},{"@type":"ListItem","position":2,"name":"Le club","item":"https:\/\/www.etoilesportivemontoise.fr\/batidadobrasil\/cours-de-danses-bresiliennes\/"},{"@type":"ListItem","position":3,"name":"Cours"}]},{"@type":"WebSite","@id":"https:\/\/www.etoilesportivemontoise.fr\/batidadobrasil\/#website","url":"https:\/\/www.etoilesportivemontoise.fr\/batidadobrasil\/","name":"ESM Batida do Brasil","description":"","potentialAction":[{"@type":"SearchAction","target":{"@type":"EntryPoint","urlTemplate":"https:\/\/www.etoilesportivemontoise.fr\/batidadobrasil\/?s={search_term_string}"},"query-input":{"@type":"PropertyValueSpecification","valueRequired":true,"valueName":"search_term_string"}}],"inLanguage":"fr-FR"}]}</script>
<!-- / Yoast SEO plugin. -->

[vc_row row_type= »row » text_align= »left » css_animation= » »][vc_column][vc_column_text] COURS DE SAMBA NO PÉ TOUS LES VENDREDI 20H &#8211; 21H30 [/vc_column_text][vc_empty_space height= »25px »][vc_column_text]Mathilde rêve depuis toute petite de plumes et de paillettes et à 14 ans elle intègre les Cumbancheros en tant que danseuse. Elle évoluera dans la bandas en étant...
