{"id":87,"date":"2020-02-21T15:21:06","date_gmt":"2020-02-21T14:21:06","guid":{"rendered":"https:\/\/www.etoilesportivemontoise.fr\/batidadobrasil\/?page_id=87"},"modified":"2020-03-10T14:55:00","modified_gmt":"2020-03-10T13:55:00","slug":"presentation","status":"publish","type":"page","link":"https:\/\/www.etoilesportivemontoise.fr\/batidadobrasil\/cours-de-danses-bresiliennes\/presentation\/","title":{"rendered":"Pr\u00e9sentation"},"content":{"rendered":"<section class=\"wpb-content-wrapper\">[vc_row row_type=\u00a0\u00bbrow\u00a0\u00bb text_align=\u00a0\u00bbleft\u00a0\u00bb css_animation=\u00a0\u00bb\u00a0\u00bb][vc_column width=\u00a0\u00bb1\/2&Prime;][vc_single_image image=\u00a0\u00bb153&Prime; img_size=\u00a0\u00bblarge\u00a0\u00bb][vc_empty_space][vc_single_image image=\u00a0\u00bb61&Prime; img_size=\u00a0\u00bbfull\u00a0\u00bb][\/vc_column][vc_column width=\u00a0\u00bb1\/2&Prime;][vc_column_text]<strong>BATIDA DO BRASIL<\/strong><\/p>\n<p>C\u2019est en 2016 que les chemins de Mathilde et Gwendoline se croisent. Se d\u00e9couvrant une passion commune pour la danse qu&rsquo;elles pratiquent toutes les deux depuis leur plus jeune \u00e2ge, elles se lient rapidement d\u2019amiti\u00e9s et en se motivant mutuellement \u00e0 aller plus loin dans la diffusion des danses br\u00e9siliennes sur le territoire landais. L\u2019id\u00e9e de Batida do Brasil commence \u00e0 voir le jour. Mathilde a le projet d\u2019int\u00e9grer une \u00e9cole de samba en tant que passista et d\u00e9veloppe son style de \u00ab\u00a0samba diva\u00a0\u00bb h\u00e9rit\u00e9 des meilleures \u00e9coles de samba cariocas et Gwendoline red\u00e9couvre le baile funk auquel elle s\u2019identifie totalement apr\u00e8s avoir pratiqu\u00e9 et enseign\u00e9 des danses urbaines telles que le street jazz et le ragga jam.[\/vc_column_text][vc_empty_space height=\u00a0\u00bb170px\u00a0\u00bb][vc_column_text]<strong>SAMBA NO P\u00c9<\/strong><\/p>\n<p>La samba no p\u00e9 est une danse individuelle, essentiellement pratiqu\u00e9e par les danseurs et danseuses qui d\u00e9filent pendant les festivit\u00e9s du carnaval. La samba est n\u00e9e dans les favelas de Rio de l&rsquo;h\u00e9ritage des esclaves africains d\u00e9port\u00e9s au Br\u00e9sil. Avec l&rsquo;apparition des premi\u00e8res \u00e9coles de samba, des groupes de musiciens (bateria) et de danseurs et danseuses (passistas) se forment et d\u00e9filent chaque ann\u00e9e sur une musique (enredo) autour de chars extravagants. Le carnaval est devenu une v\u00e9ritable institution et une comp\u00e9tition tr\u00e8s r\u00e9glement\u00e9e, suivie par le pays tout entier.[\/vc_column_text][\/vc_column][\/vc_row][vc_row row_type=\u00a0\u00bbrow\u00a0\u00bb text_align=\u00a0\u00bbleft\u00a0\u00bb css_animation=\u00a0\u00bb\u00a0\u00bb][vc_column width=\u00a0\u00bb1\/2&Prime;][\/vc_column][vc_column width=\u00a0\u00bb1\/2&Prime;][\/vc_column][\/vc_row][vc_row row_type=\u00a0\u00bbrow\u00a0\u00bb text_align=\u00a0\u00bbleft\u00a0\u00bb css_animation=\u00a0\u00bb\u00a0\u00bb][vc_column][\/vc_column][\/vc_row]\n<\/section>","protected":false},"excerpt":{"rendered":"<p>[vc_row row_type=\u00a0\u00bbrow\u00a0\u00bb text_align=\u00a0\u00bbleft\u00a0\u00bb css_animation=\u00a0\u00bb\u00a0\u00bb][vc_column width=\u00a0\u00bb1\/2&Prime;][vc_single_image image=\u00a0\u00bb153&Prime; img_size=\u00a0\u00bblarge\u00a0\u00bb][vc_empty_space][vc_single_image image=\u00a0\u00bb61&Prime; img_size=\u00a0\u00bbfull\u00a0\u00bb][\/vc_column][vc_column width=\u00a0\u00bb1\/2&Prime;][vc_column_text]BATIDA DO BRASIL C\u2019est en 2016 que les chemins de Mathilde et Gwendoline se croisent. Se d\u00e9couvrant une passion commune pour la danse qu&rsquo;elles pratiquent toutes les deux depuis leur plus jeune \u00e2ge, elles se lient&#8230;<\/p>\n","protected":false},"author":37,"featured_media":0,"parent":48,"menu_order":0,"comment_status":"closed","ping_status":"closed","template":"","meta":{"footnotes":""},"class_list":["post-87","page","type-page","status-publish","hentry"],"yoast_head":"<!-- This site is optimized with the Yoast SEO plugin v27.3 - https:\/\/yoast.com\/product\/yoast-seo-wordpress\/ -->\n<title>Pr\u00e9sentation - ESM Batida do Brasil<\/title>\n<meta name=\"robots\" content=\"index, follow, max-snippet:-1, max-image-preview:large, max-video-preview:-1\" \/>\n<link rel=\"canonical\" href=\"https:\/\/www.etoilesportivemontoise.fr\/batidadobrasil\/cours-de-danses-bresiliennes\/presentation\/\" \/>\n<meta property=\"og:locale\" content=\"fr_FR\" \/>\n<meta property=\"og:type\" content=\"article\" \/>\n<meta property=\"og:title\" content=\"Pr\u00e9sentation - ESM Batida do Brasil\" \/>\n<meta property=\"og:description\" content=\"[vc_row row_type=\u00a0\u00bbrow\u00a0\u00bb text_align=\u00a0\u00bbleft\u00a0\u00bb css_animation=\u00a0\u00bb\u00a0\u00bb][vc_column width=\u00a0\u00bb1\/2&Prime;][vc_single_image image=\u00a0\u00bb153&Prime; img_size=\u00a0\u00bblarge\u00a0\u00bb][vc_empty_space][vc_single_image image=\u00a0\u00bb61&Prime; img_size=\u00a0\u00bbfull\u00a0\u00bb][\/vc_column][vc_column width=\u00a0\u00bb1\/2&Prime;][vc_column_text]BATIDA DO BRASIL C\u2019est en 2016 que les chemins de Mathilde et Gwendoline se croisent. Se d\u00e9couvrant une passion commune pour la danse qu&rsquo;elles pratiquent toutes les deux depuis leur plus jeune \u00e2ge, elles se lient...\" \/>\n<meta property=\"og:url\" content=\"https:\/\/www.etoilesportivemontoise.fr\/batidadobrasil\/cours-de-danses-bresiliennes\/presentation\/\" \/>\n<meta property=\"og:site_name\" content=\"ESM Batida do Brasil\" \/>\n<meta property=\"article:modified_time\" content=\"2020-03-10T13:55:00+00:00\" \/>\n<meta name=\"twitter:card\" content=\"summary_large_image\" \/>\n<meta name=\"twitter:label1\" content=\"Dur\u00e9e de lecture estim\u00e9e\" \/>\n\t<meta name=\"twitter:data1\" content=\"2 minutes\" \/>\n<script type=\"application\/ld+json\" class=\"yoast-schema-graph\">{\"@context\":\"https:\\\/\\\/schema.org\",\"@graph\":[{\"@type\":\"WebPage\",\"@id\":\"https:\\\/\\\/www.etoilesportivemontoise.fr\\\/batidadobrasil\\\/cours-de-danses-bresiliennes\\\/presentation\\\/\",\"url\":\"https:\\\/\\\/www.etoilesportivemontoise.fr\\\/batidadobrasil\\\/cours-de-danses-bresiliennes\\\/presentation\\\/\",\"name\":\"Pr\u00e9sentation - ESM Batida do Brasil\",\"isPartOf\":{\"@id\":\"https:\\\/\\\/www.etoilesportivemontoise.fr\\\/batidadobrasil\\\/#website\"},\"datePublished\":\"2020-02-21T14:21:06+00:00\",\"dateModified\":\"2020-03-10T13:55:00+00:00\",\"breadcrumb\":{\"@id\":\"https:\\\/\\\/www.etoilesportivemontoise.fr\\\/batidadobrasil\\\/cours-de-danses-bresiliennes\\\/presentation\\\/#breadcrumb\"},\"inLanguage\":\"fr-FR\",\"potentialAction\":[{\"@type\":\"ReadAction\",\"target\":[\"https:\\\/\\\/www.etoilesportivemontoise.fr\\\/batidadobrasil\\\/cours-de-danses-bresiliennes\\\/presentation\\\/\"]}]},{\"@type\":\"BreadcrumbList\",\"@id\":\"https:\\\/\\\/www.etoilesportivemontoise.fr\\\/batidadobrasil\\\/cours-de-danses-bresiliennes\\\/presentation\\\/#breadcrumb\",\"itemListElement\":[{\"@type\":\"ListItem\",\"position\":1,\"name\":\"Accueil\",\"item\":\"https:\\\/\\\/www.etoilesportivemontoise.fr\\\/batidadobrasil\\\/\"},{\"@type\":\"ListItem\",\"position\":2,\"name\":\"Le club\",\"item\":\"https:\\\/\\\/www.etoilesportivemontoise.fr\\\/batidadobrasil\\\/cours-de-danses-bresiliennes\\\/\"},{\"@type\":\"ListItem\",\"position\":3,\"name\":\"Pr\u00e9sentation\"}]},{\"@type\":\"WebSite\",\"@id\":\"https:\\\/\\\/www.etoilesportivemontoise.fr\\\/batidadobrasil\\\/#website\",\"url\":\"https:\\\/\\\/www.etoilesportivemontoise.fr\\\/batidadobrasil\\\/\",\"name\":\"ESM Batida do Brasil\",\"description\":\"\",\"potentialAction\":[{\"@type\":\"SearchAction\",\"target\":{\"@type\":\"EntryPoint\",\"urlTemplate\":\"https:\\\/\\\/www.etoilesportivemontoise.fr\\\/batidadobrasil\\\/?s={search_term_string}\"},\"query-input\":{\"@type\":\"PropertyValueSpecification\",\"valueRequired\":true,\"valueName\":\"search_term_string\"}}],\"inLanguage\":\"fr-FR\"}]}<\/script>\n<!-- \/ Yoast SEO plugin. -->","yoast_head_json":{"title":"Pr\u00e9sentation - ESM Batida do Brasil","robots":{"index":"index","follow":"follow","max-snippet":"max-snippet:-1","max-image-preview":"max-image-preview:large","max-video-preview":"max-video-preview:-1"},"canonical":"https:\/\/www.etoilesportivemontoise.fr\/batidadobrasil\/cours-de-danses-bresiliennes\/presentation\/","og_locale":"fr_FR","og_type":"article","og_title":"Pr\u00e9sentation - ESM Batida do Brasil","og_description":"[vc_row row_type=\u00a0\u00bbrow\u00a0\u00bb text_align=\u00a0\u00bbleft\u00a0\u00bb css_animation=\u00a0\u00bb\u00a0\u00bb][vc_column width=\u00a0\u00bb1\/2&Prime;][vc_single_image image=\u00a0\u00bb153&Prime; img_size=\u00a0\u00bblarge\u00a0\u00bb][vc_empty_space][vc_single_image image=\u00a0\u00bb61&Prime; img_size=\u00a0\u00bbfull\u00a0\u00bb][\/vc_column][vc_column width=\u00a0\u00bb1\/2&Prime;][vc_column_text]BATIDA DO BRASIL C\u2019est en 2016 que les chemins de Mathilde et Gwendoline se croisent. Se d\u00e9couvrant une passion commune pour la danse qu&rsquo;elles pratiquent toutes les deux depuis leur plus jeune \u00e2ge, elles se lient...","og_url":"https:\/\/www.etoilesportivemontoise.fr\/batidadobrasil\/cours-de-danses-bresiliennes\/presentation\/","og_site_name":"ESM Batida do Brasil","article_modified_time":"2020-03-10T13:55:00+00:00","twitter_card":"summary_large_image","twitter_misc":{"Dur\u00e9e de lecture estim\u00e9e":"2 minutes"},"schema":{"@context":"https:\/\/schema.org","@graph":[{"@type":"WebPage","@id":"https:\/\/www.etoilesportivemontoise.fr\/batidadobrasil\/cours-de-danses-bresiliennes\/presentation\/","url":"https:\/\/www.etoilesportivemontoise.fr\/batidadobrasil\/cours-de-danses-bresiliennes\/presentation\/","name":"Pr\u00e9sentation - ESM Batida do Brasil","isPartOf":{"@id":"https:\/\/www.etoilesportivemontoise.fr\/batidadobrasil\/#website"},"datePublished":"2020-02-21T14:21:06+00:00","dateModified":"2020-03-10T13:55:00+00:00","breadcrumb":{"@id":"https:\/\/www.etoilesportivemontoise.fr\/batidadobrasil\/cours-de-danses-bresiliennes\/presentation\/#breadcrumb"},"inLanguage":"fr-FR","potentialAction":[{"@type":"ReadAction","target":["https:\/\/www.etoilesportivemontoise.fr\/batidadobrasil\/cours-de-danses-bresiliennes\/presentation\/"]}]},{"@type":"BreadcrumbList","@id":"https:\/\/www.etoilesportivemontoise.fr\/batidadobrasil\/cours-de-danses-bresiliennes\/presentation\/#breadcrumb","itemListElement":[{"@type":"ListItem","position":1,"name":"Accueil","item":"https:\/\/www.etoilesportivemontoise.fr\/batidadobrasil\/"},{"@type":"ListItem","position":2,"name":"Le club","item":"https:\/\/www.etoilesportivemontoise.fr\/batidadobrasil\/cours-de-danses-bresiliennes\/"},{"@type":"ListItem","position":3,"name":"Pr\u00e9sentation"}]},{"@type":"WebSite","@id":"https:\/\/www.etoilesportivemontoise.fr\/batidadobrasil\/#website","url":"https:\/\/www.etoilesportivemontoise.fr\/batidadobrasil\/","name":"ESM Batida do Brasil","description":"","potentialAction":[{"@type":"SearchAction","target":{"@type":"EntryPoint","urlTemplate":"https:\/\/www.etoilesportivemontoise.fr\/batidadobrasil\/?s={search_term_string}"},"query-input":{"@type":"PropertyValueSpecification","valueRequired":true,"valueName":"search_term_string"}}],"inLanguage":"fr-FR"}]}},"_links":{"self":[{"href":"https:\/\/www.etoilesportivemontoise.fr\/batidadobrasil\/wp-json\/wp\/v2\/pages\/87","targetHints":{"allow":["GET"]}}],"collection":[{"href":"https:\/\/www.etoilesportivemontoise.fr\/batidadobrasil\/wp-json\/wp\/v2\/pages"}],"about":[{"href":"https:\/\/www.etoilesportivemontoise.fr\/batidadobrasil\/wp-json\/wp\/v2\/types\/page"}],"author":[{"embeddable":true,"href":"https:\/\/www.etoilesportivemontoise.fr\/batidadobrasil\/wp-json\/wp\/v2\/users\/37"}],"replies":[{"embeddable":true,"href":"https:\/\/www.etoilesportivemontoise.fr\/batidadobrasil\/wp-json\/wp\/v2\/comments?post=87"}],"version-history":[{"count":9,"href":"https:\/\/www.etoilesportivemontoise.fr\/batidadobrasil\/wp-json\/wp\/v2\/pages\/87\/revisions"}],"predecessor-version":[{"id":156,"href":"https:\/\/www.etoilesportivemontoise.fr\/batidadobrasil\/wp-json\/wp\/v2\/pages\/87\/revisions\/156"}],"up":[{"embeddable":true,"href":"https:\/\/www.etoilesportivemontoise.fr\/batidadobrasil\/wp-json\/wp\/v2\/pages\/48"}],"wp:attachment":[{"href":"https:\/\/www.etoilesportivemontoise.fr\/batidadobrasil\/wp-json\/wp\/v2\/media?parent=87"}],"curies":[{"name":"wp","href":"https:\/\/api.w.org\/{rel}","templated":true}]}}

Présentation

<section class="wpb-content-wrapper">[vc_row row_type= »row » text_align= »left » css_animation= » »][vc_column width= »1/2&Prime;][vc_single_image image= »153&Prime; img_size= »large »][vc_empty_space][vc_single_image image= »61&Prime; img_size= »full »][/vc_column][vc_column width= »1/2&Prime;][vc_column_text]<strong>BATIDA DO BRASIL</strong></p>
<p>C’est en 2016 que les chemins de Mathilde et Gwendoline se croisent. Se découvrant une passion commune pour la danse qu&rsquo;elles pratiquent toutes les deux depuis leur plus jeune âge, elles se lient rapidement d’amitiés et en se motivant mutuellement à aller plus loin dans la diffusion des danses brésiliennes sur le territoire landais. L’idée de Batida do Brasil commence à voir le jour. Mathilde a le projet d’intégrer une école de samba en tant que passista et développe son style de « samba diva » hérité des meilleures écoles de samba cariocas et Gwendoline redécouvre le baile funk auquel elle s’identifie totalement après avoir pratiqué et enseigné des danses urbaines telles que le street jazz et le ragga jam.[/vc_column_text][vc_empty_space height= »170px »][vc_column_text]<strong>SAMBA NO PÉ</strong></p>
<p>La samba no pé est une danse individuelle, essentiellement pratiquée par les danseurs et danseuses qui défilent pendant les festivités du carnaval. La samba est née dans les favelas de Rio de l&rsquo;héritage des esclaves africains déportés au Brésil. Avec l&rsquo;apparition des premières écoles de samba, des groupes de musiciens (bateria) et de danseurs et danseuses (passistas) se forment et défilent chaque année sur une musique (enredo) autour de chars extravagants. Le carnaval est devenu une véritable institution et une compétition très réglementée, suivie par le pays tout entier.[/vc_column_text][/vc_column][/vc_row][vc_row row_type= »row » text_align= »left » css_animation= » »][vc_column width= »1/2&Prime;][/vc_column][vc_column width= »1/2&Prime;][/vc_column][/vc_row][vc_row row_type= »row » text_align= »left » css_animation= » »][vc_column][/vc_column][/vc_row]
</section>

<p>[vc_row row_type= »row » text_align= »left » css_animation= » »][vc_column width= »1/2&Prime;][vc_single_image image= »153&Prime; img_size= »large »][vc_empty_space][vc_single_image image= »61&Prime; img_size= »full »][/vc_column][vc_column width= »1/2&Prime;][vc_column_text]BATIDA DO BRASIL C’est en 2016 que les chemins de Mathilde et Gwendoline se croisent. Se découvrant une passion commune pour la danse qu&rsquo;elles pratiquent toutes les deux depuis leur plus jeune âge, elles se lient&#8230;</p>

<!-- This site is optimized with the Yoast SEO plugin v27.3 - https://yoast.com/product/yoast-seo-wordpress/ -->
<title>Présentation - ESM Batida do Brasil</title>
<meta name="robots" content="index, follow, max-snippet:-1, max-image-preview:large, max-video-preview:-1" />
<link rel="canonical" href="https://www.etoilesportivemontoise.fr/batidadobrasil/cours-de-danses-bresiliennes/presentation/" />
<meta property="og:locale" content="fr_FR" />
<meta property="og:type" content="article" />
<meta property="og:title" content="Présentation - ESM Batida do Brasil" />
<meta property="og:description" content="[vc_row row_type= »row » text_align= »left » css_animation= » »][vc_column width= »1/2&Prime;][vc_single_image image= »153&Prime; img_size= »large »][vc_empty_space][vc_single_image image= »61&Prime; img_size= »full »][/vc_column][vc_column width= »1/2&Prime;][vc_column_text]BATIDA DO BRASIL C’est en 2016 que les chemins de Mathilde et Gwendoline se croisent. Se découvrant une passion commune pour la danse qu&rsquo;elles pratiquent toutes les deux depuis leur plus jeune âge, elles se lient..." />
<meta property="og:url" content="https://www.etoilesportivemontoise.fr/batidadobrasil/cours-de-danses-bresiliennes/presentation/" />
<meta property="og:site_name" content="ESM Batida do Brasil" />
<meta property="article:modified_time" content="2020-03-10T13:55:00+00:00" />
<meta name="twitter:card" content="summary_large_image" />
<meta name="twitter:label1" content="Durée de lecture estimée" />
	<meta name="twitter:data1" content="2 minutes" />
<script type="application/ld+json" class="yoast-schema-graph">{"@context":"https:\/\/schema.org","@graph":[{"@type":"WebPage","@id":"https:\/\/www.etoilesportivemontoise.fr\/batidadobrasil\/cours-de-danses-bresiliennes\/presentation\/","url":"https:\/\/www.etoilesportivemontoise.fr\/batidadobrasil\/cours-de-danses-bresiliennes\/presentation\/","name":"Présentation - ESM Batida do Brasil","isPartOf":{"@id":"https:\/\/www.etoilesportivemontoise.fr\/batidadobrasil\/#website"},"datePublished":"2020-02-21T14:21:06+00:00","dateModified":"2020-03-10T13:55:00+00:00","breadcrumb":{"@id":"https:\/\/www.etoilesportivemontoise.fr\/batidadobrasil\/cours-de-danses-bresiliennes\/presentation\/#breadcrumb"},"inLanguage":"fr-FR","potentialAction":[{"@type":"ReadAction","target":["https:\/\/www.etoilesportivemontoise.fr\/batidadobrasil\/cours-de-danses-bresiliennes\/presentation\/"]}]},{"@type":"BreadcrumbList","@id":"https:\/\/www.etoilesportivemontoise.fr\/batidadobrasil\/cours-de-danses-bresiliennes\/presentation\/#breadcrumb","itemListElement":[{"@type":"ListItem","position":1,"name":"Accueil","item":"https:\/\/www.etoilesportivemontoise.fr\/batidadobrasil\/"},{"@type":"ListItem","position":2,"name":"Le club","item":"https:\/\/www.etoilesportivemontoise.fr\/batidadobrasil\/cours-de-danses-bresiliennes\/"},{"@type":"ListItem","position":3,"name":"Présentation"}]},{"@type":"WebSite","@id":"https:\/\/www.etoilesportivemontoise.fr\/batidadobrasil\/#website","url":"https:\/\/www.etoilesportivemontoise.fr\/batidadobrasil\/","name":"ESM Batida do Brasil","description":"","potentialAction":[{"@type":"SearchAction","target":{"@type":"EntryPoint","urlTemplate":"https:\/\/www.etoilesportivemontoise.fr\/batidadobrasil\/?s={search_term_string}"},"query-input":{"@type":"PropertyValueSpecification","valueRequired":true,"valueName":"search_term_string"}}],"inLanguage":"fr-FR"}]}</script>
<!-- / Yoast SEO plugin. -->

Présentation - ESM Batida do Brasil

[vc_row row_type= »row » text_align= »left » css_animation= » »][vc_column width= »1/2&Prime;][vc_single_image image= »153&Prime; img_size= »large »][vc_empty_space][vc_single_image image= »61&Prime; img_size= »full »][/vc_column][vc_column width= »1/2&Prime;][vc_column_text]BATIDA DO BRASIL C’est en 2016 que les chemins de Mathilde et Gwendoline se croisent. Se découvrant une passion commune pour la danse qu&rsquo;elles pratiquent toutes les deux depuis leur plus jeune âge, elles se lient...
