{"id":9,"date":"2019-10-15T20:30:37","date_gmt":"2019-10-15T18:30:37","guid":{"rendered":"http:\/\/esm.ballan-dev.net\/batidadobrasil\/?page_id=9"},"modified":"2020-02-21T14:23:18","modified_gmt":"2020-02-21T13:23:18","slug":"accueil","status":"publish","type":"page","link":"https:\/\/www.etoilesportivemontoise.fr\/batidadobrasil\/","title":{"rendered":"Accueil"},"content":{"rendered":"<section class=\"wpb-content-wrapper\">[vc_row row_type=\u00a0\u00bbrow\u00a0\u00bb text_align=\u00a0\u00bbleft\u00a0\u00bb css_animation=\u00a0\u00bb\u00a0\u00bb][vc_column]<div class=\"image_with_text\"><img decoding=\"async\" src=\"\" alt=\"\" \/><h3 ><\/h3><span style=\"margin: 6px 0px;\" class=\"separator transparent\"><\/span><script type=\"text\/javascript\">jQuery(function() { _initLayerSlider( '#layerslider_1_zg8fwv860fyy', {createdWith: '6.8.4', sliderVersion: '6.8.4', allowFullscreen: true, pauseOnHover: 'enabled', skin: 'v6', sliderFadeInDuration: 350, useSrcset: true, skinsPath: 'https:\/\/www.etoilesportivemontoise.fr\/content\/plugins\/LayerSlider\/assets\/static\/layerslider\/skins\/', performanceMode: true}); });<\/script><div id=\"layerslider_1_zg8fwv860fyy\" class=\"ls-wp-container fitvidsignore\" style=\"width:724px;height:280px;margin:0 auto;margin-bottom: 0px;\"><div class=\"ls-slide\" data-ls=\"kenburnsscale:1.2;\"><img loading=\"lazy\" decoding=\"async\" width=\"2184\" height=\"913\" src=\"https:\/\/www.etoilesportivemontoise.fr\/content\/uploads\/sites\/9\/2020\/02\/SiderHP.png\" class=\"ls-l ls-img-layer\" alt=\"\" srcset=\"https:\/\/www.etoilesportivemontoise.fr\/content\/uploads\/sites\/9\/2020\/02\/SiderHP.png 2184w, https:\/\/www.etoilesportivemontoise.fr\/content\/uploads\/sites\/9\/2020\/02\/SiderHP-300x125.png 300w, https:\/\/www.etoilesportivemontoise.fr\/content\/uploads\/sites\/9\/2020\/02\/SiderHP-768x321.png 768w, https:\/\/www.etoilesportivemontoise.fr\/content\/uploads\/sites\/9\/2020\/02\/SiderHP-1024x428.png 1024w\" sizes=\"auto, (max-width: 2184px) 100vw, 2184px\" style=\"top:-82px;left:-188px;width:1079px;height:451px;\" data-ls=\"position:relative;\"><\/div><\/div><\/div>[vc_column_text]\n<h3 style=\"text-align: center\">Batida do Brasil vous invite \u00e0 d\u00e9couvrir la culture br\u00e9silienne \u00e0 travers les diverses danses et musiques du Br\u00e9sil.<\/h3>\n[\/vc_column_text][\/vc_column][\/vc_row][vc_row row_type=\u00a0\u00bbrow\u00a0\u00bb text_align=\u00a0\u00bbleft\u00a0\u00bb css_animation=\u00a0\u00bb\u00a0\u00bb][vc_column][\/vc_column][\/vc_row]\n<\/section>","protected":false},"excerpt":{"rendered":"<p>[vc_row row_type=\u00a0\u00bbrow\u00a0\u00bb text_align=\u00a0\u00bbleft\u00a0\u00bb css_animation=\u00a0\u00bb\u00a0\u00bb][vc_column][vc_column_text] Batida do Brasil vous invite \u00e0 d\u00e9couvrir la culture br\u00e9silienne \u00e0 travers les diverses danses et musiques du Br\u00e9sil. [\/vc_column_text][\/vc_column][\/vc_row][vc_row row_type=\u00a0\u00bbrow\u00a0\u00bb text_align=\u00a0\u00bbleft\u00a0\u00bb css_animation=\u00a0\u00bb\u00a0\u00bb][vc_column][\/vc_column][\/vc_row]<\/p>\n","protected":false},"author":26,"featured_media":0,"parent":0,"menu_order":0,"comment_status":"closed","ping_status":"closed","template":"","meta":{"footnotes":""},"class_list":["post-9","page","type-page","status-publish","hentry"],"yoast_head":"<!-- This site is optimized with the Yoast SEO plugin v27.3 - https:\/\/yoast.com\/product\/yoast-seo-wordpress\/ -->\n<title>Accueil - ESM Batida do Brasil<\/title>\n<meta name=\"robots\" content=\"index, follow, max-snippet:-1, max-image-preview:large, max-video-preview:-1\" \/>\n<link rel=\"canonical\" href=\"https:\/\/www.etoilesportivemontoise.fr\/batidadobrasil\/\" \/>\n<meta property=\"og:locale\" content=\"fr_FR\" \/>\n<meta property=\"og:type\" content=\"article\" \/>\n<meta property=\"og:title\" content=\"Accueil - ESM Batida do Brasil\" \/>\n<meta property=\"og:description\" content=\"[vc_row row_type=\u00a0\u00bbrow\u00a0\u00bb text_align=\u00a0\u00bbleft\u00a0\u00bb css_animation=\u00a0\u00bb\u00a0\u00bb][vc_column][vc_column_text] Batida do Brasil vous invite \u00e0 d\u00e9couvrir la culture br\u00e9silienne \u00e0 travers les diverses danses et musiques du Br\u00e9sil. [\/vc_column_text][\/vc_column][\/vc_row][vc_row row_type=\u00a0\u00bbrow\u00a0\u00bb text_align=\u00a0\u00bbleft\u00a0\u00bb css_animation=\u00a0\u00bb\u00a0\u00bb][vc_column][\/vc_column][\/vc_row]\" \/>\n<meta property=\"og:url\" content=\"https:\/\/www.etoilesportivemontoise.fr\/batidadobrasil\/\" \/>\n<meta property=\"og:site_name\" content=\"ESM Batida do Brasil\" \/>\n<meta property=\"article:modified_time\" content=\"2020-02-21T13:23:18+00:00\" \/>\n<meta name=\"twitter:card\" content=\"summary_large_image\" \/>\n<script type=\"application\/ld+json\" class=\"yoast-schema-graph\">{\"@context\":\"https:\\\/\\\/schema.org\",\"@graph\":[{\"@type\":\"WebPage\",\"@id\":\"https:\\\/\\\/www.etoilesportivemontoise.fr\\\/batidadobrasil\\\/\",\"url\":\"https:\\\/\\\/www.etoilesportivemontoise.fr\\\/batidadobrasil\\\/\",\"name\":\"Accueil - ESM Batida do Brasil\",\"isPartOf\":{\"@id\":\"https:\\\/\\\/www.etoilesportivemontoise.fr\\\/batidadobrasil\\\/#website\"},\"datePublished\":\"2019-10-15T18:30:37+00:00\",\"dateModified\":\"2020-02-21T13:23:18+00:00\",\"breadcrumb\":{\"@id\":\"https:\\\/\\\/www.etoilesportivemontoise.fr\\\/batidadobrasil\\\/#breadcrumb\"},\"inLanguage\":\"fr-FR\",\"potentialAction\":[{\"@type\":\"ReadAction\",\"target\":[\"https:\\\/\\\/www.etoilesportivemontoise.fr\\\/batidadobrasil\\\/\"]}]},{\"@type\":\"BreadcrumbList\",\"@id\":\"https:\\\/\\\/www.etoilesportivemontoise.fr\\\/batidadobrasil\\\/#breadcrumb\",\"itemListElement\":[{\"@type\":\"ListItem\",\"position\":1,\"name\":\"Accueil\",\"item\":\"https:\\\/\\\/www.etoilesportivemontoise.fr\\\/batidadobrasil\\\/\"},{\"@type\":\"ListItem\",\"position\":2,\"name\":\"Accueil\"}]},{\"@type\":\"WebSite\",\"@id\":\"https:\\\/\\\/www.etoilesportivemontoise.fr\\\/batidadobrasil\\\/#website\",\"url\":\"https:\\\/\\\/www.etoilesportivemontoise.fr\\\/batidadobrasil\\\/\",\"name\":\"ESM Batida do Brasil\",\"description\":\"\",\"potentialAction\":[{\"@type\":\"SearchAction\",\"target\":{\"@type\":\"EntryPoint\",\"urlTemplate\":\"https:\\\/\\\/www.etoilesportivemontoise.fr\\\/batidadobrasil\\\/?s={search_term_string}\"},\"query-input\":{\"@type\":\"PropertyValueSpecification\",\"valueRequired\":true,\"valueName\":\"search_term_string\"}}],\"inLanguage\":\"fr-FR\"}]}<\/script>\n<!-- \/ Yoast SEO plugin. -->","yoast_head_json":{"title":"Accueil - ESM Batida do Brasil","robots":{"index":"index","follow":"follow","max-snippet":"max-snippet:-1","max-image-preview":"max-image-preview:large","max-video-preview":"max-video-preview:-1"},"canonical":"https:\/\/www.etoilesportivemontoise.fr\/batidadobrasil\/","og_locale":"fr_FR","og_type":"article","og_title":"Accueil - ESM Batida do Brasil","og_description":"[vc_row row_type=\u00a0\u00bbrow\u00a0\u00bb text_align=\u00a0\u00bbleft\u00a0\u00bb css_animation=\u00a0\u00bb\u00a0\u00bb][vc_column][vc_column_text] Batida do Brasil vous invite \u00e0 d\u00e9couvrir la culture br\u00e9silienne \u00e0 travers les diverses danses et musiques du Br\u00e9sil. [\/vc_column_text][\/vc_column][\/vc_row][vc_row row_type=\u00a0\u00bbrow\u00a0\u00bb text_align=\u00a0\u00bbleft\u00a0\u00bb css_animation=\u00a0\u00bb\u00a0\u00bb][vc_column][\/vc_column][\/vc_row]","og_url":"https:\/\/www.etoilesportivemontoise.fr\/batidadobrasil\/","og_site_name":"ESM Batida do Brasil","article_modified_time":"2020-02-21T13:23:18+00:00","twitter_card":"summary_large_image","schema":{"@context":"https:\/\/schema.org","@graph":[{"@type":"WebPage","@id":"https:\/\/www.etoilesportivemontoise.fr\/batidadobrasil\/","url":"https:\/\/www.etoilesportivemontoise.fr\/batidadobrasil\/","name":"Accueil - ESM Batida do Brasil","isPartOf":{"@id":"https:\/\/www.etoilesportivemontoise.fr\/batidadobrasil\/#website"},"datePublished":"2019-10-15T18:30:37+00:00","dateModified":"2020-02-21T13:23:18+00:00","breadcrumb":{"@id":"https:\/\/www.etoilesportivemontoise.fr\/batidadobrasil\/#breadcrumb"},"inLanguage":"fr-FR","potentialAction":[{"@type":"ReadAction","target":["https:\/\/www.etoilesportivemontoise.fr\/batidadobrasil\/"]}]},{"@type":"BreadcrumbList","@id":"https:\/\/www.etoilesportivemontoise.fr\/batidadobrasil\/#breadcrumb","itemListElement":[{"@type":"ListItem","position":1,"name":"Accueil","item":"https:\/\/www.etoilesportivemontoise.fr\/batidadobrasil\/"},{"@type":"ListItem","position":2,"name":"Accueil"}]},{"@type":"WebSite","@id":"https:\/\/www.etoilesportivemontoise.fr\/batidadobrasil\/#website","url":"https:\/\/www.etoilesportivemontoise.fr\/batidadobrasil\/","name":"ESM Batida do Brasil","description":"","potentialAction":[{"@type":"SearchAction","target":{"@type":"EntryPoint","urlTemplate":"https:\/\/www.etoilesportivemontoise.fr\/batidadobrasil\/?s={search_term_string}"},"query-input":{"@type":"PropertyValueSpecification","valueRequired":true,"valueName":"search_term_string"}}],"inLanguage":"fr-FR"}]}},"_links":{"self":[{"href":"https:\/\/www.etoilesportivemontoise.fr\/batidadobrasil\/wp-json\/wp\/v2\/pages\/9","targetHints":{"allow":["GET"]}}],"collection":[{"href":"https:\/\/www.etoilesportivemontoise.fr\/batidadobrasil\/wp-json\/wp\/v2\/pages"}],"about":[{"href":"https:\/\/www.etoilesportivemontoise.fr\/batidadobrasil\/wp-json\/wp\/v2\/types\/page"}],"author":[{"embeddable":true,"href":"https:\/\/www.etoilesportivemontoise.fr\/batidadobrasil\/wp-json\/wp\/v2\/users\/26"}],"replies":[{"embeddable":true,"href":"https:\/\/www.etoilesportivemontoise.fr\/batidadobrasil\/wp-json\/wp\/v2\/comments?post=9"}],"version-history":[{"count":14,"href":"https:\/\/www.etoilesportivemontoise.fr\/batidadobrasil\/wp-json\/wp\/v2\/pages\/9\/revisions"}],"predecessor-version":[{"id":81,"href":"https:\/\/www.etoilesportivemontoise.fr\/batidadobrasil\/wp-json\/wp\/v2\/pages\/9\/revisions\/81"}],"wp:attachment":[{"href":"https:\/\/www.etoilesportivemontoise.fr\/batidadobrasil\/wp-json\/wp\/v2\/media?parent=9"}],"curies":[{"name":"wp","href":"https:\/\/api.w.org\/{rel}","templated":true}]}}