{"version":"1.0","provider_name":"ESM Foot","provider_url":"https:\/\/www.etoilesportivemontoise.fr\/football","author_name":"ESM","author_url":"https:\/\/www.etoilesportivemontoise.fr\/football\/aka\/9af3b8c1915118cbc5cf7cdecb87fa13c2abf1c4\/","title":"La r\u00e9serve reprend des couleurs \u00e0 Pissos - ESM Foot","type":"rich","width":600,"height":338,"html":"<blockquote class=\"wp-embedded-content\" data-secret=\"OAdXmPQSEe\"><a href=\"https:\/\/www.etoilesportivemontoise.fr\/football\/2013\/12\/la-reserve-reprend-des-couleurs-pissos\/\">La r\u00e9serve reprend des couleurs \u00e0 Pissos<\/a><\/blockquote><iframe sandbox=\"allow-scripts\" security=\"restricted\" src=\"https:\/\/www.etoilesportivemontoise.fr\/football\/2013\/12\/la-reserve-reprend-des-couleurs-pissos\/embed\/#?secret=OAdXmPQSEe\" width=\"600\" height=\"338\" title=\"\u00ab\u00a0La r\u00e9serve reprend des couleurs \u00e0 Pissos\u00a0\u00bb &#8212; ESM Foot\" data-secret=\"OAdXmPQSEe\" frameborder=\"0\" marginwidth=\"0\" marginheight=\"0\" scrolling=\"no\" class=\"wp-embedded-content\"><\/iframe><script type=\"text\/javascript\">\n\/* <![CDATA[ *\/\n\/*! This file is auto-generated *\/\n!function(d,l){\"use strict\";l.querySelector&&d.addEventListener&&\"undefined\"!=typeof URL&&(d.wp=d.wp||{},d.wp.receiveEmbedMessage||(d.wp.receiveEmbedMessage=function(e){var t=e.data;if((t||t.secret||t.message||t.value)&&!\/[^a-zA-Z0-9]\/.test(t.secret)){for(var s,r,n,a=l.querySelectorAll('iframe[data-secret=\"'+t.secret+'\"]'),o=l.querySelectorAll('blockquote[data-secret=\"'+t.secret+'\"]'),c=new RegExp(\"^https?:$\",\"i\"),i=0;i<o.length;i++)o[i].style.display=\"none\";for(i=0;i<a.length;i++)s=a[i],e.source===s.contentWindow&&(s.removeAttribute(\"style\"),\"height\"===t.message?(1e3<(r=parseInt(t.value,10))?r=1e3:~~r<200&&(r=200),s.height=r):\"link\"===t.message&&(r=new URL(s.getAttribute(\"src\")),n=new URL(t.value),c.test(n.protocol))&&n.host===r.host&&l.activeElement===s&&(d.top.location.href=t.value))}},d.addEventListener(\"message\",d.wp.receiveEmbedMessage,!1),l.addEventListener(\"DOMContentLoaded\",function(){for(var e,t,s=l.querySelectorAll(\"iframe.wp-embedded-content\"),r=0;r<s.length;r++)(t=(e=s[r]).getAttribute(\"data-secret\"))||(t=Math.random().toString(36).substring(2,12),e.src+=\"#?secret=\"+t,e.setAttribute(\"data-secret\",t)),e.contentWindow.postMessage({message:\"ready\",secret:t},\"*\")},!1)))}(window,document);\n\/\/# sourceURL=https:\/\/www.etoilesportivemontoise.fr\/football\/wp-includes\/js\/wp-embed.min.js\n\/* ]]> *\/\n<\/script>\n","description":"Sur une pelouse difficile et face \u00e0 une Entente de la Leyre volontaire et accrocheuse, nos r\u00e9servistes ont eu beaucoup de mal \u00e0 assurer un football de qualit\u00e9\u2026 Il faut dire que l&rsquo;enjeu de la rencontre avait \u00e9t\u00e9 affich\u00e9 d&rsquo;entr\u00e9e par les coaches : ramener...","thumbnail_url":"http:\/\/3.bp.blogspot.com\/-2FMkVnry1Us\/Up9hPwbiY0I\/AAAAAAAAC9s\/gHcH0ABwwkk\/s320\/IMG_2891.JPG"}

La réserve reprend des couleurs à Pissos - ESM Foot

<blockquote class="wp-embedded-content" data-secret="OAdXmPQSEe"><a href="https://www.etoilesportivemontoise.fr/football/2013/12/la-reserve-reprend-des-couleurs-pissos/">La réserve reprend des couleurs à Pissos</a></blockquote><iframe sandbox="allow-scripts" security="restricted" src="https://www.etoilesportivemontoise.fr/football/2013/12/la-reserve-reprend-des-couleurs-pissos/embed/#?secret=OAdXmPQSEe" width="600" height="338" title="« La réserve reprend des couleurs à Pissos » &#8212; ESM Foot" data-secret="OAdXmPQSEe" frameborder="0" marginwidth="0" marginheight="0" scrolling="no" class="wp-embedded-content"></iframe><script type="text/javascript">
/* <![CDATA[ */
/*! This file is auto-generated */
!function(d,l){"use strict";l.querySelector&&d.addEventListener&&"undefined"!=typeof URL&&(d.wp=d.wp||{},d.wp.receiveEmbedMessage||(d.wp.receiveEmbedMessage=function(e){var t=e.data;if((t||t.secret||t.message||t.value)&&!/[^a-zA-Z0-9]/.test(t.secret)){for(var s,r,n,a=l.querySelectorAll('iframe[data-secret="'+t.secret+'"]'),o=l.querySelectorAll('blockquote[data-secret="'+t.secret+'"]'),c=new RegExp("^https?:$","i"),i=0;i<o.length;i++)o[i].style.display="none";for(i=0;i<a.length;i++)s=a[i],e.source===s.contentWindow&&(s.removeAttribute("style"),"height"===t.message?(1e3<(r=parseInt(t.value,10))?r=1e3:~~r<200&&(r=200),s.height=r):"link"===t.message&&(r=new URL(s.getAttribute("src")),n=new URL(t.value),c.test(n.protocol))&&n.host===r.host&&l.activeElement===s&&(d.top.location.href=t.value))}},d.addEventListener("message",d.wp.receiveEmbedMessage,!1),l.addEventListener("DOMContentLoaded",function(){for(var e,t,s=l.querySelectorAll("iframe.wp-embedded-content"),r=0;r<s.length;r++)(t=(e=s[r]).getAttribute("data-secret"))||(t=Math.random().toString(36).substring(2,12),e.src+="#?secret="+t,e.setAttribute("data-secret",t)),e.contentWindow.postMessage({message:"ready",secret:t},"*")},!1)))}(window,document);
//# sourceURL=https://www.etoilesportivemontoise.fr/football/wp-includes/js/wp-embed.min.js
/* ]]> */
</script>

Sur une pelouse difficile et face à une Entente de la Leyre volontaire et accrocheuse, nos réservistes ont eu beaucoup de mal à assurer un football de qualité… Il faut dire que l&rsquo;enjeu de la rencontre avait été affiché d&rsquo;entrée par les coaches : ramener...
