{"version":"1.0","provider_name":"ESM Foot","provider_url":"https:\/\/www.etoilesportivemontoise.fr\/football","author_name":"ESM","author_url":"https:\/\/www.etoilesportivemontoise.fr\/football\/aka\/9af3b8c1915118cbc5cf7cdecb87fa13c2abf1c4\/","title":"Derni\u00e8re chance pour les U13 - ESM Foot","type":"rich","width":600,"height":338,"html":"<blockquote class=\"wp-embedded-content\" data-secret=\"TypxkTinki\"><a href=\"https:\/\/www.etoilesportivemontoise.fr\/football\/2014\/02\/derniere-chance-pour-les-u13\/\">Derni\u00e8re chance pour les U13<\/a><\/blockquote><iframe sandbox=\"allow-scripts\" security=\"restricted\" src=\"https:\/\/www.etoilesportivemontoise.fr\/football\/2014\/02\/derniere-chance-pour-les-u13\/embed\/#?secret=TypxkTinki\" width=\"600\" height=\"338\" title=\"\u00ab\u00a0Derni\u00e8re chance pour les U13\u00a0\u00bb &#8212; ESM Foot\" data-secret=\"TypxkTinki\" frameborder=\"0\" marginwidth=\"0\" marginheight=\"0\" scrolling=\"no\" class=\"wp-embedded-content\"><\/iframe><script type=\"text\/javascript\">\n\/* <![CDATA[ *\/\n\/*! This file is auto-generated *\/\n!function(d,l){\"use strict\";l.querySelector&&d.addEventListener&&\"undefined\"!=typeof URL&&(d.wp=d.wp||{},d.wp.receiveEmbedMessage||(d.wp.receiveEmbedMessage=function(e){var t=e.data;if((t||t.secret||t.message||t.value)&&!\/[^a-zA-Z0-9]\/.test(t.secret)){for(var s,r,n,a=l.querySelectorAll('iframe[data-secret=\"'+t.secret+'\"]'),o=l.querySelectorAll('blockquote[data-secret=\"'+t.secret+'\"]'),c=new RegExp(\"^https?:$\",\"i\"),i=0;i<o.length;i++)o[i].style.display=\"none\";for(i=0;i<a.length;i++)s=a[i],e.source===s.contentWindow&&(s.removeAttribute(\"style\"),\"height\"===t.message?(1e3<(r=parseInt(t.value,10))?r=1e3:~~r<200&&(r=200),s.height=r):\"link\"===t.message&&(r=new URL(s.getAttribute(\"src\")),n=new URL(t.value),c.test(n.protocol))&&n.host===r.host&&l.activeElement===s&&(d.top.location.href=t.value))}},d.addEventListener(\"message\",d.wp.receiveEmbedMessage,!1),l.addEventListener(\"DOMContentLoaded\",function(){for(var e,t,s=l.querySelectorAll(\"iframe.wp-embedded-content\"),r=0;r<s.length;r++)(t=(e=s[r]).getAttribute(\"data-secret\"))||(t=Math.random().toString(36).substring(2,12),e.src+=\"#?secret=\"+t,e.setAttribute(\"data-secret\",t)),e.contentWindow.postMessage({message:\"ready\",secret:t},\"*\")},!1)))}(window,document);\n\/\/# sourceURL=https:\/\/www.etoilesportivemontoise.fr\/football\/wp-includes\/js\/wp-embed.min.js\n\/* ]]> *\/\n<\/script>\n","description":"Ce samedi contre toute attente et au milieu d\u2019un vent fort et une pluie continue, nos U13 se sont retrouv\u00e9s \u00e0 DAX pour le compte de la derni\u00e8re journ\u00e9e de qualification en Challenge GUERIN.C\u2019est seulement \u00e0 9 que l\u2019\u00e9quipe entame sa 1\u00e8re rencontre contre AIRE....","thumbnail_url":"http:\/\/3.bp.blogspot.com\/-Z00KD26eFhw\/UvsrrdQ_cNI\/AAAAAAAADSs\/4vsC9mzxHig\/s1600\/IMG_9333.JPG"}

Dernière chance pour les U13 - ESM Foot

<blockquote class="wp-embedded-content" data-secret="TypxkTinki"><a href="https://www.etoilesportivemontoise.fr/football/2014/02/derniere-chance-pour-les-u13/">Dernière chance pour les U13</a></blockquote><iframe sandbox="allow-scripts" security="restricted" src="https://www.etoilesportivemontoise.fr/football/2014/02/derniere-chance-pour-les-u13/embed/#?secret=TypxkTinki" width="600" height="338" title="« Dernière chance pour les U13 » &#8212; ESM Foot" data-secret="TypxkTinki" frameborder="0" marginwidth="0" marginheight="0" scrolling="no" class="wp-embedded-content"></iframe><script type="text/javascript">
/* <![CDATA[ */
/*! This file is auto-generated */
!function(d,l){"use strict";l.querySelector&&d.addEventListener&&"undefined"!=typeof URL&&(d.wp=d.wp||{},d.wp.receiveEmbedMessage||(d.wp.receiveEmbedMessage=function(e){var t=e.data;if((t||t.secret||t.message||t.value)&&!/[^a-zA-Z0-9]/.test(t.secret)){for(var s,r,n,a=l.querySelectorAll('iframe[data-secret="'+t.secret+'"]'),o=l.querySelectorAll('blockquote[data-secret="'+t.secret+'"]'),c=new RegExp("^https?:$","i"),i=0;i<o.length;i++)o[i].style.display="none";for(i=0;i<a.length;i++)s=a[i],e.source===s.contentWindow&&(s.removeAttribute("style"),"height"===t.message?(1e3<(r=parseInt(t.value,10))?r=1e3:~~r<200&&(r=200),s.height=r):"link"===t.message&&(r=new URL(s.getAttribute("src")),n=new URL(t.value),c.test(n.protocol))&&n.host===r.host&&l.activeElement===s&&(d.top.location.href=t.value))}},d.addEventListener("message",d.wp.receiveEmbedMessage,!1),l.addEventListener("DOMContentLoaded",function(){for(var e,t,s=l.querySelectorAll("iframe.wp-embedded-content"),r=0;r<s.length;r++)(t=(e=s[r]).getAttribute("data-secret"))||(t=Math.random().toString(36).substring(2,12),e.src+="#?secret="+t,e.setAttribute("data-secret",t)),e.contentWindow.postMessage({message:"ready",secret:t},"*")},!1)))}(window,document);
//# sourceURL=https://www.etoilesportivemontoise.fr/football/wp-includes/js/wp-embed.min.js
/* ]]> */
</script>

Ce samedi contre toute attente et au milieu d’un vent fort et une pluie continue, nos U13 se sont retrouvés à DAX pour le compte de la dernière journée de qualification en Challenge GUERIN.C’est seulement à 9 que l’équipe entame sa 1ère rencontre contre AIRE....
