{"version":"1.0","provider_name":"ESM Foot","provider_url":"https:\/\/www.etoilesportivemontoise.fr\/football","author_name":"ESM Foot","author_url":"https:\/\/www.etoilesportivemontoise.fr\/football","title":"Informations District des landes : Maxime Guichard pr\u00e9sent ce jour l\u00e0. - ESM Foot","type":"rich","width":600,"height":338,"html":"<blockquote class=\"wp-embedded-content\" data-secret=\"oqIbzbGi9c\"><a href=\"https:\/\/www.etoilesportivemontoise.fr\/football\/2014\/10\/informations-district-des-landes-maxime\/\">Informations District des landes : Maxime Guichard pr\u00e9sent ce jour l\u00e0.<\/a><\/blockquote><iframe sandbox=\"allow-scripts\" security=\"restricted\" src=\"https:\/\/www.etoilesportivemontoise.fr\/football\/2014\/10\/informations-district-des-landes-maxime\/embed\/#?secret=oqIbzbGi9c\" width=\"600\" height=\"338\" title=\"\u00ab\u00a0Informations District des landes : Maxime Guichard pr\u00e9sent ce jour l\u00e0.\u00a0\u00bb &#8212; ESM Foot\" data-secret=\"oqIbzbGi9c\" frameborder=\"0\" marginwidth=\"0\" marginheight=\"0\" scrolling=\"no\" class=\"wp-embedded-content\"><\/iframe><script type=\"text\/javascript\">\n\/* <![CDATA[ *\/\n\/*! This file is auto-generated *\/\n!function(d,l){\"use strict\";l.querySelector&&d.addEventListener&&\"undefined\"!=typeof URL&&(d.wp=d.wp||{},d.wp.receiveEmbedMessage||(d.wp.receiveEmbedMessage=function(e){var t=e.data;if((t||t.secret||t.message||t.value)&&!\/[^a-zA-Z0-9]\/.test(t.secret)){for(var s,r,n,a=l.querySelectorAll('iframe[data-secret=\"'+t.secret+'\"]'),o=l.querySelectorAll('blockquote[data-secret=\"'+t.secret+'\"]'),c=new RegExp(\"^https?:$\",\"i\"),i=0;i<o.length;i++)o[i].style.display=\"none\";for(i=0;i<a.length;i++)s=a[i],e.source===s.contentWindow&&(s.removeAttribute(\"style\"),\"height\"===t.message?(1e3<(r=parseInt(t.value,10))?r=1e3:~~r<200&&(r=200),s.height=r):\"link\"===t.message&&(r=new URL(s.getAttribute(\"src\")),n=new URL(t.value),c.test(n.protocol))&&n.host===r.host&&l.activeElement===s&&(d.top.location.href=t.value))}},d.addEventListener(\"message\",d.wp.receiveEmbedMessage,!1),l.addEventListener(\"DOMContentLoaded\",function(){for(var e,t,s=l.querySelectorAll(\"iframe.wp-embedded-content\"),r=0;r<s.length;r++)(t=(e=s[r]).getAttribute(\"data-secret\"))||(t=Math.random().toString(36).substring(2,12),e.src+=\"#?secret=\"+t,e.setAttribute(\"data-secret\",t)),e.contentWindow.postMessage({message:\"ready\",secret:t},\"*\")},!1)))}(window,document);\n\/\/# sourceURL=https:\/\/www.etoilesportivemontoise.fr\/football\/wp-includes\/js\/wp-embed.min.js\n\/* ]]> *\/\n<\/script>\n","thumbnail_url":"https:\/\/www.etoilesportivemontoise.fr\/content\/uploads\/sites\/2\/2014\/10\/10704020_10203096875079642_2480735904485823317_n.jpg","thumbnail_width":960,"thumbnail_height":640,"description":"Au tour des jeunes licenci\u00e9es. Apr\u00e8s les traditionnelles journ\u00e9es de \u00ab\u00a0Rentr\u00e9e du Foot\u00a0\u00bb organis\u00e9es sur le mois de Septembre \u00e0 l&rsquo;attention des U13, U11 et U9-U7 gar\u00e7ons, le District des Landes de football &nbsp;a d\u00e9cid\u00e9 d&rsquo;organiser une manifestation sp\u00e9cifique \u00e0 l&rsquo;attention de toutes les f\u00e9minines,..."}

Informations District des landes : Maxime Guichard présent ce jour là. - ESM Foot

<blockquote class="wp-embedded-content" data-secret="oqIbzbGi9c"><a href="https://www.etoilesportivemontoise.fr/football/2014/10/informations-district-des-landes-maxime/">Informations District des landes : Maxime Guichard présent ce jour là.</a></blockquote><iframe sandbox="allow-scripts" security="restricted" src="https://www.etoilesportivemontoise.fr/football/2014/10/informations-district-des-landes-maxime/embed/#?secret=oqIbzbGi9c" width="600" height="338" title="« Informations District des landes : Maxime Guichard présent ce jour là. » &#8212; ESM Foot" data-secret="oqIbzbGi9c" frameborder="0" marginwidth="0" marginheight="0" scrolling="no" class="wp-embedded-content"></iframe><script type="text/javascript">
/* <![CDATA[ */
/*! This file is auto-generated */
!function(d,l){"use strict";l.querySelector&&d.addEventListener&&"undefined"!=typeof URL&&(d.wp=d.wp||{},d.wp.receiveEmbedMessage||(d.wp.receiveEmbedMessage=function(e){var t=e.data;if((t||t.secret||t.message||t.value)&&!/[^a-zA-Z0-9]/.test(t.secret)){for(var s,r,n,a=l.querySelectorAll('iframe[data-secret="'+t.secret+'"]'),o=l.querySelectorAll('blockquote[data-secret="'+t.secret+'"]'),c=new RegExp("^https?:$","i"),i=0;i<o.length;i++)o[i].style.display="none";for(i=0;i<a.length;i++)s=a[i],e.source===s.contentWindow&&(s.removeAttribute("style"),"height"===t.message?(1e3<(r=parseInt(t.value,10))?r=1e3:~~r<200&&(r=200),s.height=r):"link"===t.message&&(r=new URL(s.getAttribute("src")),n=new URL(t.value),c.test(n.protocol))&&n.host===r.host&&l.activeElement===s&&(d.top.location.href=t.value))}},d.addEventListener("message",d.wp.receiveEmbedMessage,!1),l.addEventListener("DOMContentLoaded",function(){for(var e,t,s=l.querySelectorAll("iframe.wp-embedded-content"),r=0;r<s.length;r++)(t=(e=s[r]).getAttribute("data-secret"))||(t=Math.random().toString(36).substring(2,12),e.src+="#?secret="+t,e.setAttribute("data-secret",t)),e.contentWindow.postMessage({message:"ready",secret:t},"*")},!1)))}(window,document);
//# sourceURL=https://www.etoilesportivemontoise.fr/football/wp-includes/js/wp-embed.min.js
/* ]]> */
</script>

Au tour des jeunes licenciées. Après les traditionnelles journées de « Rentrée du Foot » organisées sur le mois de Septembre à l&rsquo;attention des U13, U11 et U9-U7 garçons, le District des Landes de football &nbsp;a décidé d&rsquo;organiser une manifestation spécifique à l&rsquo;attention de toutes les féminines,...
