{"version":"1.0","provider_name":"ESM Foot","provider_url":"https:\/\/www.etoilesportivemontoise.fr\/football","author_name":"ESM Foot","author_url":"https:\/\/www.etoilesportivemontoise.fr\/football","title":"Un \u00e9ducateur de l'Etoile Sportive Montoise Football \u00e0 l'honneur sur le Magazine \" M2M \" ( Mont de Marsan Magazine). - ESM Foot","type":"rich","width":600,"height":338,"html":"<blockquote class=\"wp-embedded-content\" data-secret=\"sDSYpNdYqw\"><a href=\"https:\/\/www.etoilesportivemontoise.fr\/football\/2014\/10\/un-educateur-de-letoile-sportive\/\">Un \u00e9ducateur de l&rsquo;Etoile Sportive Montoise Football \u00e0 l&rsquo;honneur sur le Magazine \u00a0\u00bb M2M \u00a0\u00bb ( Mont de Marsan Magazine).<\/a><\/blockquote><iframe sandbox=\"allow-scripts\" security=\"restricted\" src=\"https:\/\/www.etoilesportivemontoise.fr\/football\/2014\/10\/un-educateur-de-letoile-sportive\/embed\/#?secret=sDSYpNdYqw\" width=\"600\" height=\"338\" title=\"\u00ab\u00a0Un \u00e9ducateur de l&rsquo;Etoile Sportive Montoise Football \u00e0 l&rsquo;honneur sur le Magazine \u00a0\u00bb M2M \u00a0\u00bb ( Mont de Marsan Magazine).\u00a0\u00bb &#8212; ESM Foot\" data-secret=\"sDSYpNdYqw\" frameborder=\"0\" marginwidth=\"0\" marginheight=\"0\" scrolling=\"no\" class=\"wp-embedded-content\"><\/iframe><script type=\"text\/javascript\">\n\/* <![CDATA[ *\/\n\/*! This file is auto-generated *\/\n!function(d,l){\"use strict\";l.querySelector&&d.addEventListener&&\"undefined\"!=typeof URL&&(d.wp=d.wp||{},d.wp.receiveEmbedMessage||(d.wp.receiveEmbedMessage=function(e){var t=e.data;if((t||t.secret||t.message||t.value)&&!\/[^a-zA-Z0-9]\/.test(t.secret)){for(var s,r,n,a=l.querySelectorAll('iframe[data-secret=\"'+t.secret+'\"]'),o=l.querySelectorAll('blockquote[data-secret=\"'+t.secret+'\"]'),c=new RegExp(\"^https?:$\",\"i\"),i=0;i<o.length;i++)o[i].style.display=\"none\";for(i=0;i<a.length;i++)s=a[i],e.source===s.contentWindow&&(s.removeAttribute(\"style\"),\"height\"===t.message?(1e3<(r=parseInt(t.value,10))?r=1e3:~~r<200&&(r=200),s.height=r):\"link\"===t.message&&(r=new URL(s.getAttribute(\"src\")),n=new URL(t.value),c.test(n.protocol))&&n.host===r.host&&l.activeElement===s&&(d.top.location.href=t.value))}},d.addEventListener(\"message\",d.wp.receiveEmbedMessage,!1),l.addEventListener(\"DOMContentLoaded\",function(){for(var e,t,s=l.querySelectorAll(\"iframe.wp-embedded-content\"),r=0;r<s.length;r++)(t=(e=s[r]).getAttribute(\"data-secret\"))||(t=Math.random().toString(36).substring(2,12),e.src+=\"#?secret=\"+t,e.setAttribute(\"data-secret\",t)),e.contentWindow.postMessage({message:\"ready\",secret:t},\"*\")},!1)))}(window,document);\n\/\/# sourceURL=https:\/\/www.etoilesportivemontoise.fr\/football\/wp-includes\/js\/wp-embed.min.js\n\/* ]]> *\/\n<\/script>\n","thumbnail_url":"https:\/\/www.etoilesportivemontoise.fr\/content\/uploads\/sites\/2\/2014\/10\/IMG_1268.jpg","thumbnail_width":1024,"thumbnail_height":682,"description":"S\u00e9bastien Alix, \u00e9ducateur U 9 \u00e0 l&rsquo;Etoile Sportive Montoise Football \u00e0 r\u00e9pondu aux questions de M2M Magazine. Sans oublier, le travail remarquable de Franck Lagonnelle et Willy Marteau qui s\u2019occupent de la cat\u00e9gorie avec lui. Voici le lien pour visionner cette interview : Page 18...."}

Un éducateur de l'Etoile Sportive Montoise Football à l'honneur sur le Magazine " M2M " ( Mont de Marsan Magazine). - ESM Foot

<blockquote class="wp-embedded-content" data-secret="sDSYpNdYqw"><a href="https://www.etoilesportivemontoise.fr/football/2014/10/un-educateur-de-letoile-sportive/">Un éducateur de l&rsquo;Etoile Sportive Montoise Football à l&rsquo;honneur sur le Magazine  » M2M  » ( Mont de Marsan Magazine).</a></blockquote><iframe sandbox="allow-scripts" security="restricted" src="https://www.etoilesportivemontoise.fr/football/2014/10/un-educateur-de-letoile-sportive/embed/#?secret=sDSYpNdYqw" width="600" height="338" title="« Un éducateur de l&rsquo;Etoile Sportive Montoise Football à l&rsquo;honneur sur le Magazine  » M2M  » ( Mont de Marsan Magazine). » &#8212; ESM Foot" data-secret="sDSYpNdYqw" frameborder="0" marginwidth="0" marginheight="0" scrolling="no" class="wp-embedded-content"></iframe><script type="text/javascript">
/* <![CDATA[ */
/*! This file is auto-generated */
!function(d,l){"use strict";l.querySelector&&d.addEventListener&&"undefined"!=typeof URL&&(d.wp=d.wp||{},d.wp.receiveEmbedMessage||(d.wp.receiveEmbedMessage=function(e){var t=e.data;if((t||t.secret||t.message||t.value)&&!/[^a-zA-Z0-9]/.test(t.secret)){for(var s,r,n,a=l.querySelectorAll('iframe[data-secret="'+t.secret+'"]'),o=l.querySelectorAll('blockquote[data-secret="'+t.secret+'"]'),c=new RegExp("^https?:$","i"),i=0;i<o.length;i++)o[i].style.display="none";for(i=0;i<a.length;i++)s=a[i],e.source===s.contentWindow&&(s.removeAttribute("style"),"height"===t.message?(1e3<(r=parseInt(t.value,10))?r=1e3:~~r<200&&(r=200),s.height=r):"link"===t.message&&(r=new URL(s.getAttribute("src")),n=new URL(t.value),c.test(n.protocol))&&n.host===r.host&&l.activeElement===s&&(d.top.location.href=t.value))}},d.addEventListener("message",d.wp.receiveEmbedMessage,!1),l.addEventListener("DOMContentLoaded",function(){for(var e,t,s=l.querySelectorAll("iframe.wp-embedded-content"),r=0;r<s.length;r++)(t=(e=s[r]).getAttribute("data-secret"))||(t=Math.random().toString(36).substring(2,12),e.src+="#?secret="+t,e.setAttribute("data-secret",t)),e.contentWindow.postMessage({message:"ready",secret:t},"*")},!1)))}(window,document);
//# sourceURL=https://www.etoilesportivemontoise.fr/football/wp-includes/js/wp-embed.min.js
/* ]]> */
</script>

Sébastien Alix, éducateur U 9 à l&rsquo;Etoile Sportive Montoise Football à répondu aux questions de M2M Magazine. Sans oublier, le travail remarquable de Franck Lagonnelle et Willy Marteau qui s’occupent de la catégorie avec lui. Voici le lien pour visionner cette interview : Page 18....
